{"id":133365,"date":"2019-09-05T12:30:29","date_gmt":"2019-09-05T10:30:29","guid":{"rendered":"https:\/\/www.ferrovial.com\/compania\/sobre-nosotros\/comite-direccion\/dg-rrhh\/"},"modified":"2022-02-18T13:52:47","modified_gmt":"2022-02-18T12:52:47","slug":"dg-rrhh","status":"publish","type":"page","link":"https:\/\/www.ferrovial.com\/es-la\/compania\/sobre-nosotros\/comite-direccion\/dg-rrhh\/","title":{"rendered":"Carlos Cerezo, Director General de Recursos Humanos"},"content":{"rendered":"    <m-final-content-header >\n            <c-breadcrumb label-text=\"Breadcrumb\" slot=\"breadcrumbs\" type='2' align='left' wrap='wrapped wrapped' aria-label='Vienes de Comit\u00e9 de Direcci\u00f3n'>\n                        <ol>\n\n                                                            <li><a href=\"https:\/\/www.ferrovial.com\/es-la\/\" title=\"Ferrovial\">Ferrovial<\/a><\/li>\n                                                                        <li><a href=\"https:\/\/www.ferrovial.com\/es\/compania\/\" title=\"Sobre nosotros\">Sobre nosotros<\/a><\/li>\n                                                                        <li><a href=\"https:\/\/www.ferrovial.com\/es\/compania\/sobre-nosotros\/\" title=\"Nuestra compa\u00f1\u00eda\">Nuestra compa\u00f1\u00eda<\/a><\/li>\n                                                                        <li><a href=\"https:\/\/www.ferrovial.com\/es\/compania\/sobre-nosotros\/comite-direccion\/\" title=\"Comit\u00e9 de Direcci\u00f3n\">Comit\u00e9 de Direcci\u00f3n<\/a><\/li>\n                                    \n                <\/ol>\n\n                <\/c-breadcrumb>\n    \n        <div slot=\"header\">\n            <h1>\n                Director General de Recursos Humanos            <\/h1>\n                    <\/div>\n    <\/m-final-content-header>\n\n    \n\n\n<m-wysiwig class=\"wp-block-components-wysiwyg\"><div slot=\"maincontent\">\n<h2 class=\"wp-block-heading\">Carlos Cerezo<\/h2>\n\n\n\n<figure class=\"wp-block-image size-large\"><img v-lazy=\"'https:\/\/static.ferrovial.com\/wp-content\/uploads\/2022\/02\/10174238\/ferrovial2021-carloscerezonanigutierrez-01-819x1024.jpg'\" alt=\"\" class=\"wp-image-215035\"\/><\/figure>\n\n\n\n<p>Licenciado en Filosof\u00eda por la Universidad Complutense de Madrid, M\u00e1ster en Direcci\u00f3n de RR.HH. por el CEU y Executive MBA por el Instituto de Empresa. Se incorpor\u00f3 a Ferrovial en el a\u00f1o 2006, ocupando desde 2015 el puesto de Director de Recursos Humanos y Comunicaci\u00f3n de Ferrovial Servicios. Con anterioridad fue Director de Desarrollo Corporativo de RR.HH. y Director de RR.HH. de Corporaci\u00f3n. En 2020, fue nombrado Director General de Recursos Humanos. Antes de su incorporaci\u00f3n a la compa\u00f1\u00eda, desempe\u00f1\u00f3 diversos puestos de responsabilidad en el \u00e1mbito de la consultor\u00eda de Recursos Humanos en IBM y en PWC.<\/p>\n<\/div><\/m-wysiwig>\n","protected":false},"excerpt":{"rendered":"","protected":false},"featured_media":0,"parent":131248,"menu_order":0,"comment_status":"closed","ping_status":"closed","template":"","meta":{"_acf_changed":false,"footnotes":""},"class_list":["post-133365","page","type-page","status-publish","hentry"],"acf":[],"yoast_head":"<!-- This site is optimized with the Yoast SEO plugin v27.2 - https:\/\/yoast.com\/product\/yoast-seo-wordpress\/ -->\n<title>Carlos Cerezo, Director General de RRHH de Ferrovial<\/title>\n<meta name=\"description\" content=\"Licenciado en Filosof\u00eda por la Universidad Complutense de Madrid, M\u00e1ster en Direcci\u00f3n de RR.HH. por el CEU y Executive MBA por el Instituto de Empresa.\" \/>\n<meta name=\"robots\" content=\"index, follow, max-snippet:-1, max-image-preview:large, max-video-preview:-1\" \/>\n<link rel=\"canonical\" href=\"https:\/\/www.ferrovial.com\/es-la\/compania\/sobre-nosotros\/comite-direccion\/dg-rrhh\/\" \/>\n<meta property=\"og:locale\" content=\"es_ES\" \/>\n<meta property=\"og:type\" content=\"article\" \/>\n<meta property=\"og:title\" content=\"Carlos Cerezo, Director General de RRHH de Ferrovial\" \/>\n<meta property=\"og:description\" content=\"Licenciado en Filosof\u00eda por la Universidad Complutense de Madrid, M\u00e1ster en Direcci\u00f3n de RR.HH. por el CEU y Executive MBA por el Instituto de Empresa.\" \/>\n<meta property=\"og:url\" content=\"https:\/\/www.ferrovial.com\/es-la\/compania\/sobre-nosotros\/comite-direccion\/dg-rrhh\/\" \/>\n<meta property=\"og:site_name\" content=\"Ferrovial\" \/>\n<meta property=\"article:publisher\" content=\"https:\/\/www.facebook.com\/ferrovial\" \/>\n<meta property=\"article:modified_time\" content=\"2022-02-18T12:52:47+00:00\" \/>\n<meta property=\"og:image\" content=\"https:\/\/www.ferrovial.com\/wp-content\/uploads\/2022\/02\/ferrovial2021-carloscerezonanigutierrez-01-819x1024.jpg\" \/>\n<meta name=\"twitter:card\" content=\"summary_large_image\" \/>\n<meta name=\"twitter:site\" content=\"@ferrovial\" \/>\n<meta name=\"twitter:label1\" content=\"Est. reading time\" \/>\n\t<meta name=\"twitter:data1\" content=\"1 minute\" \/>\n<!-- \/ Yoast SEO plugin. -->","yoast_head_json":{"title":"Carlos Cerezo, Director General de RRHH de Ferrovial","description":"Licenciado en Filosof\u00eda por la Universidad Complutense de Madrid, M\u00e1ster en Direcci\u00f3n de RR.HH. por el CEU y Executive MBA por el Instituto de Empresa.","robots":{"index":"index","follow":"follow","max-snippet":"max-snippet:-1","max-image-preview":"max-image-preview:large","max-video-preview":"max-video-preview:-1"},"canonical":"https:\/\/www.ferrovial.com\/es-la\/compania\/sobre-nosotros\/comite-direccion\/dg-rrhh\/","og_locale":"es_ES","og_type":"article","og_title":"Carlos Cerezo, Director General de RRHH de Ferrovial","og_description":"Licenciado en Filosof\u00eda por la Universidad Complutense de Madrid, M\u00e1ster en Direcci\u00f3n de RR.HH. por el CEU y Executive MBA por el Instituto de Empresa.","og_url":"https:\/\/www.ferrovial.com\/es-la\/compania\/sobre-nosotros\/comite-direccion\/dg-rrhh\/","og_site_name":"Ferrovial","article_publisher":"https:\/\/www.facebook.com\/ferrovial","article_modified_time":"2022-02-18T12:52:47+00:00","og_image":[{"url":"https:\/\/www.ferrovial.com\/wp-content\/uploads\/2022\/02\/ferrovial2021-carloscerezonanigutierrez-01-819x1024.jpg","type":"","width":"","height":""}],"twitter_card":"summary_large_image","twitter_site":"@ferrovial","twitter_misc":{"Est. reading time":"1 minute"},"schema":{"@context":"https:\/\/schema.org","@graph":[{"@type":"WebPage","@id":"https:\/\/www.ferrovial.com\/es-la\/compania\/sobre-nosotros\/comite-direccion\/dg-rrhh\/","url":"https:\/\/www.ferrovial.com\/es-la\/compania\/sobre-nosotros\/comite-direccion\/dg-rrhh\/","name":"Carlos Cerezo, Director General de RRHH de Ferrovial","isPartOf":{"@id":"https:\/\/www.ferrovial.com\/es-la\/#website"},"primaryImageOfPage":{"@id":"https:\/\/www.ferrovial.com\/es-la\/compania\/sobre-nosotros\/comite-direccion\/dg-rrhh\/#primaryimage"},"image":{"@id":"https:\/\/www.ferrovial.com\/es-la\/compania\/sobre-nosotros\/comite-direccion\/dg-rrhh\/#primaryimage"},"thumbnailUrl":"https:\/\/www.ferrovial.com\/wp-content\/uploads\/2022\/02\/ferrovial2021-carloscerezonanigutierrez-01-819x1024.jpg","datePublished":"2019-09-05T10:30:29+00:00","dateModified":"2022-02-18T12:52:47+00:00","description":"Licenciado en Filosof\u00eda por la Universidad Complutense de Madrid, M\u00e1ster en Direcci\u00f3n de RR.HH. por el CEU y Executive MBA por el Instituto de Empresa.","breadcrumb":{"@id":"https:\/\/www.ferrovial.com\/es-la\/compania\/sobre-nosotros\/comite-direccion\/dg-rrhh\/#breadcrumb"},"inLanguage":"es-419","potentialAction":[{"@type":"ReadAction","target":["https:\/\/www.ferrovial.com\/es-la\/compania\/sobre-nosotros\/comite-direccion\/dg-rrhh\/"]}]},{"@type":"ImageObject","inLanguage":"es-419","@id":"https:\/\/www.ferrovial.com\/es-la\/compania\/sobre-nosotros\/comite-direccion\/dg-rrhh\/#primaryimage","url":"https:\/\/www.ferrovial.com\/wp-content\/uploads\/2022\/02\/ferrovial2021-carloscerezonanigutierrez-01-819x1024.jpg","contentUrl":"https:\/\/www.ferrovial.com\/wp-content\/uploads\/2022\/02\/ferrovial2021-carloscerezonanigutierrez-01-819x1024.jpg"},{"@type":"BreadcrumbList","@id":"https:\/\/www.ferrovial.com\/es-la\/compania\/sobre-nosotros\/comite-direccion\/dg-rrhh\/#breadcrumb","itemListElement":[{"@type":"ListItem","position":1,"name":"Portada","item":"https:\/\/www.ferrovial.com\/es-la\/"},{"@type":"ListItem","position":2,"name":"Sobre nosotros","item":"https:\/\/www.ferrovial.com\/es-la\/compania\/"},{"@type":"ListItem","position":3,"name":"Nuestra compa\u00f1\u00eda","item":"https:\/\/www.ferrovial.com\/es-la\/compania\/sobre-nosotros\/"},{"@type":"ListItem","position":4,"name":"Comit\u00e9 de Direcci\u00f3n","item":"https:\/\/www.ferrovial.com\/es-la\/compania\/sobre-nosotros\/comite-direccion\/"},{"@type":"ListItem","position":5,"name":"Carlos Cerezo, Director General de Recursos Humanos"}]},{"@type":"WebSite","@id":"https:\/\/www.ferrovial.com\/es-la\/#website","url":"https:\/\/www.ferrovial.com\/es-la\/","name":"Ferrovial","description":"Welcome to the Ferrovial&#039;s website, global operator of sustainable infrastructure. Here you can find all the information about the company and subsidiaries.","publisher":{"@id":"https:\/\/www.ferrovial.com\/es-la\/#organization"},"potentialAction":[{"@type":"SearchAction","target":{"@type":"EntryPoint","urlTemplate":"https:\/\/www.ferrovial.com\/es-la\/?s={search_term_string}"},"query-input":{"@type":"PropertyValueSpecification","valueRequired":true,"valueName":"search_term_string"}}],"inLanguage":"es-419"},{"@type":"Organization","@id":"https:\/\/www.ferrovial.com\/es-la\/#organization","name":"Ferrovial S.A.","url":"https:\/\/www.ferrovial.com\/es-la\/","logo":{"@type":"ImageObject","inLanguage":"es-419","@id":"https:\/\/www.ferrovial.com\/es-la\/#\/schema\/logo\/image\/","url":"https:\/\/static.ferrovial.com\/wp-content\/uploads\/2020\/01\/13124948\/logo-ferrovial-cf7.png","contentUrl":"https:\/\/static.ferrovial.com\/wp-content\/uploads\/2020\/01\/13124948\/logo-ferrovial-cf7.png","width":144,"height":32,"caption":"Ferrovial S.A."},"image":{"@id":"https:\/\/www.ferrovial.com\/es-la\/#\/schema\/logo\/image\/"},"sameAs":["https:\/\/www.facebook.com\/ferrovial","https:\/\/x.com\/ferrovial","https:\/\/www.instagram.com\/ferrovial\/","https:\/\/www.linkedin.com\/company\/ferrovial","https:\/\/www.pinterest.es\/ferrovial\/","https:\/\/www.youtube.com\/ferrovial","https:\/\/en.wikipedia.org\/wiki\/Ferrovial"]}]}},"_links":{"self":[{"href":"https:\/\/www.ferrovial.com\/es-la\/wp-json\/wp\/v2\/pages\/133365","targetHints":{"allow":["GET"]}}],"collection":[{"href":"https:\/\/www.ferrovial.com\/es-la\/wp-json\/wp\/v2\/pages"}],"about":[{"href":"https:\/\/www.ferrovial.com\/es-la\/wp-json\/wp\/v2\/types\/page"}],"replies":[{"embeddable":true,"href":"https:\/\/www.ferrovial.com\/es-la\/wp-json\/wp\/v2\/comments?post=133365"}],"version-history":[{"count":3,"href":"https:\/\/www.ferrovial.com\/es-la\/wp-json\/wp\/v2\/pages\/133365\/revisions"}],"predecessor-version":[{"id":215585,"href":"https:\/\/www.ferrovial.com\/es-la\/wp-json\/wp\/v2\/pages\/133365\/revisions\/215585"}],"up":[{"embeddable":true,"href":"https:\/\/www.ferrovial.com\/es-la\/wp-json\/wp\/v2\/pages\/131248"}],"wp:attachment":[{"href":"https:\/\/www.ferrovial.com\/es-la\/wp-json\/wp\/v2\/media?parent=133365"}],"curies":[{"name":"wp","href":"https:\/\/api.w.org\/{rel}","templated":true}]}}

<m-final-content-header >
            <c-breadcrumb label-text="Breadcrumb" slot="breadcrumbs" type='2' align='left' wrap='wrapped wrapped' aria-label='Vienes de Comité de Dirección'>
                        <ol>

                                                            <li><a href="https://www.ferrovial.com/es-la/" title="Ferrovial">Ferrovial</a></li>
                                                                        <li><a href="https://www.ferrovial.com/es/compania/" title="Sobre nosotros">Sobre nosotros</a></li>
                                                                        <li><a href="https://www.ferrovial.com/es/compania/sobre-nosotros/" title="Nuestra compañía">Nuestra compañía</a></li>
                                                                        <li><a href="https://www.ferrovial.com/es/compania/sobre-nosotros/comite-direccion/" title="Comité de Dirección">Comité de Dirección</a></li>
                                    
                </ol>

                </c-breadcrumb>
    
        <div slot="header">
            <h1>
                Director General de Recursos Humanos            </h1>
                    </div>
    </m-final-content-header>

    


<m-wysiwig class="wp-block-components-wysiwyg"><div slot="maincontent">
<h2 class="wp-block-heading">Carlos Cerezo</h2>



<figure class="wp-block-image size-large"><img v-lazy="'https://static.ferrovial.com/wp-content/uploads/2022/02/10174238/ferrovial2021-carloscerezonanigutierrez-01-819x1024.jpg'" alt="" class="wp-image-215035"/></figure>



<p>Licenciado en Filosofía por la Universidad Complutense de Madrid, Máster en Dirección de RR.HH. por el CEU y Executive MBA por el Instituto de Empresa. Se incorporó a Ferrovial en el año 2006, ocupando desde 2015 el puesto de Director de Recursos Humanos y Comunicación de Ferrovial Servicios. Con anterioridad fue Director de Desarrollo Corporativo de RR.HH. y Director de RR.HH. de Corporación. En 2020, fue nombrado Director General de Recursos Humanos. Antes de su incorporación a la compañía, desempeñó diversos puestos de responsabilidad en el ámbito de la consultoría de Recursos Humanos en IBM y en PWC.</p>
</div></m-wysiwig>

<!-- This site is optimized with the Yoast SEO plugin v27.2 - https://yoast.com/product/yoast-seo-wordpress/ -->
<title>Carlos Cerezo, Director General de RRHH de Ferrovial</title>
<meta name="description" content="Licenciado en Filosofía por la Universidad Complutense de Madrid, Máster en Dirección de RR.HH. por el CEU y Executive MBA por el Instituto de Empresa." />
<meta name="robots" content="index, follow, max-snippet:-1, max-image-preview:large, max-video-preview:-1" />
<link rel="canonical" href="https://www.ferrovial.com/es-la/compania/sobre-nosotros/comite-direccion/dg-rrhh/" />
<meta property="og:locale" content="es_ES" />
<meta property="og:type" content="article" />
<meta property="og:title" content="Carlos Cerezo, Director General de RRHH de Ferrovial" />
<meta property="og:description" content="Licenciado en Filosofía por la Universidad Complutense de Madrid, Máster en Dirección de RR.HH. por el CEU y Executive MBA por el Instituto de Empresa." />
<meta property="og:url" content="https://www.ferrovial.com/es-la/compania/sobre-nosotros/comite-direccion/dg-rrhh/" />
<meta property="og:site_name" content="Ferrovial" />
<meta property="article:publisher" content="https://www.facebook.com/ferrovial" />
<meta property="article:modified_time" content="2022-02-18T12:52:47+00:00" />
<meta property="og:image" content="https://www.ferrovial.com/wp-content/uploads/2022/02/ferrovial2021-carloscerezonanigutierrez-01-819x1024.jpg" />
<meta name="twitter:card" content="summary_large_image" />
<meta name="twitter:site" content="@ferrovial" />
<meta name="twitter:label1" content="Est. reading time" />
	<meta name="twitter:data1" content="1 minute" />
<!-- / Yoast SEO plugin. -->

Licenciado en Filosofía por la Universidad Complutense de Madrid, Máster en Dirección de RR.HH. por el CEU y Executive MBA por el Instituto de Empresa.

Nuestra compañía

Comité de Dirección
